{"id":119,"date":"2017-10-18T13:31:43","date_gmt":"2017-10-18T11:31:43","guid":{"rendered":"http:\/\/macbook.pl\/?page_id=119"},"modified":"2017-10-26T16:09:29","modified_gmt":"2017-10-26T14:09:29","slug":"jak-naprawiamy","status":"publish","type":"page","link":"https:\/\/macbook.pl\/index.php\/jak-naprawiamy\/","title":{"rendered":"Dlaczego my"},"content":{"rendered":"<p>&nbsp;<\/p>\n<p><center><br \/>\n<img loading=\"lazy\" decoding=\"async\" class=\"alignnone size-thumbnail wp-image-244\" src=\"http:\/\/macbook.pl\/wp-content\/uploads\/2017\/10\/Macbook-1-150x150.jpg\" alt=\"\" width=\"150\" height=\"150\" srcset=\"https:\/\/macbook.pl\/wp-content\/uploads\/2017\/10\/Macbook-1-150x150.jpg 150w, https:\/\/macbook.pl\/wp-content\/uploads\/2017\/10\/Macbook-1-300x300.jpg 300w, https:\/\/macbook.pl\/wp-content\/uploads\/2017\/10\/Macbook-1-768x768.jpg 768w, https:\/\/macbook.pl\/wp-content\/uploads\/2017\/10\/Macbook-1-1024x1024.jpg 1024w, https:\/\/macbook.pl\/wp-content\/uploads\/2017\/10\/Macbook-1.jpg 1080w\" sizes=\"auto, (max-width: 150px) 100vw, 150px\" \/><img loading=\"lazy\" decoding=\"async\" class=\"alignnone size-thumbnail wp-image-243\" src=\"http:\/\/macbook.pl\/wp-content\/uploads\/2017\/10\/iMac-1-150x150.jpg\" alt=\"\" width=\"150\" height=\"150\" srcset=\"https:\/\/macbook.pl\/wp-content\/uploads\/2017\/10\/iMac-1-150x150.jpg 150w, https:\/\/macbook.pl\/wp-content\/uploads\/2017\/10\/iMac-1-300x300.jpg 300w, https:\/\/macbook.pl\/wp-content\/uploads\/2017\/10\/iMac-1-768x768.jpg 768w, https:\/\/macbook.pl\/wp-content\/uploads\/2017\/10\/iMac-1-1024x1024.jpg 1024w, https:\/\/macbook.pl\/wp-content\/uploads\/2017\/10\/iMac-1.jpg 1080w\" sizes=\"auto, (max-width: 150px) 100vw, 150px\" \/><img loading=\"lazy\" decoding=\"async\" class=\"alignnone size-thumbnail wp-image-46\" src=\"http:\/\/macbook.pl\/wp-content\/uploads\/2017\/10\/Mac-Mini-150x150.jpg\" alt=\"\" width=\"150\" height=\"150\" srcset=\"https:\/\/macbook.pl\/wp-content\/uploads\/2017\/10\/Mac-Mini-150x150.jpg 150w, https:\/\/macbook.pl\/wp-content\/uploads\/2017\/10\/Mac-Mini-300x300.jpg 300w, https:\/\/macbook.pl\/wp-content\/uploads\/2017\/10\/Mac-Mini-768x768.jpg 768w, https:\/\/macbook.pl\/wp-content\/uploads\/2017\/10\/Mac-Mini-700x700.jpg 700w, https:\/\/macbook.pl\/wp-content\/uploads\/2017\/10\/Mac-Mini-520x520.jpg 520w, https:\/\/macbook.pl\/wp-content\/uploads\/2017\/10\/Mac-Mini-360x360.jpg 360w, https:\/\/macbook.pl\/wp-content\/uploads\/2017\/10\/Mac-Mini-250x250.jpg 250w, https:\/\/macbook.pl\/wp-content\/uploads\/2017\/10\/Mac-Mini-100x100.jpg 100w, https:\/\/macbook.pl\/wp-content\/uploads\/2017\/10\/Mac-Mini.jpg 788w\" sizes=\"auto, (max-width: 150px) 100vw, 150px\" \/><img loading=\"lazy\" decoding=\"async\" class=\"alignnone size-thumbnail wp-image-44\" src=\"http:\/\/macbook.pl\/wp-content\/uploads\/2017\/10\/MacProTower-150x150.jpg\" alt=\"\" width=\"150\" height=\"150\" srcset=\"https:\/\/macbook.pl\/wp-content\/uploads\/2017\/10\/MacProTower-150x150.jpg 150w, https:\/\/macbook.pl\/wp-content\/uploads\/2017\/10\/MacProTower-300x300.jpg 300w, https:\/\/macbook.pl\/wp-content\/uploads\/2017\/10\/MacProTower-768x768.jpg 768w, https:\/\/macbook.pl\/wp-content\/uploads\/2017\/10\/MacProTower-700x700.jpg 700w, https:\/\/macbook.pl\/wp-content\/uploads\/2017\/10\/MacProTower-520x520.jpg 520w, https:\/\/macbook.pl\/wp-content\/uploads\/2017\/10\/MacProTower-360x360.jpg 360w, https:\/\/macbook.pl\/wp-content\/uploads\/2017\/10\/MacProTower-250x250.jpg 250w, https:\/\/macbook.pl\/wp-content\/uploads\/2017\/10\/MacProTower-100x100.jpg 100w, https:\/\/macbook.pl\/wp-content\/uploads\/2017\/10\/MacProTower.jpg 788w\" sizes=\"auto, (max-width: 150px) 100vw, 150px\" \/><img loading=\"lazy\" decoding=\"async\" class=\"alignnone size-thumbnail wp-image-41\" src=\"http:\/\/macbook.pl\/wp-content\/uploads\/2017\/10\/MacPro-1-150x150.jpg\" alt=\"\" width=\"150\" height=\"150\" srcset=\"https:\/\/macbook.pl\/wp-content\/uploads\/2017\/10\/MacPro-1-150x150.jpg 150w, https:\/\/macbook.pl\/wp-content\/uploads\/2017\/10\/MacPro-1-300x300.jpg 300w, https:\/\/macbook.pl\/wp-content\/uploads\/2017\/10\/MacPro-1-768x768.jpg 768w, https:\/\/macbook.pl\/wp-content\/uploads\/2017\/10\/MacPro-1-700x700.jpg 700w, https:\/\/macbook.pl\/wp-content\/uploads\/2017\/10\/MacPro-1-520x520.jpg 520w, https:\/\/macbook.pl\/wp-content\/uploads\/2017\/10\/MacPro-1-360x360.jpg 360w, https:\/\/macbook.pl\/wp-content\/uploads\/2017\/10\/MacPro-1-250x250.jpg 250w, https:\/\/macbook.pl\/wp-content\/uploads\/2017\/10\/MacPro-1-100x100.jpg 100w, https:\/\/macbook.pl\/wp-content\/uploads\/2017\/10\/MacPro-1.jpg 788w\" sizes=\"auto, (max-width: 150px) 100vw, 150px\" \/><\/center><br \/>\nJako firma serwisuj\u0105ca elektronik\u0119 od 15 lat, postanowili\u015bmy stworzy\u0107 osobny dzia\u0142 po\u015bwi\u0119cony tylko rz\u0105dzeniom APPLE. Postawili\u015bmy na zupe\u0142nie now\u0105 jako\u015b\u0107<\/p>\n<h2>Standard napraw<\/h2>\n<p>Wybierasz sam: bezkompromisowo lub bud\u017cetowo, ale zawsze jako\u015bciowo i z gwarancj\u0105<\/p>\n<h2>Nowy standard obs\u0142ugi Klienta<\/h2>\n<p>Tw\u00f3j Mac jest wa\u017cny dla Ciebie, a Ty jeste\u015b wa\u017cny dla nas. Je\u015bli si\u0119 wahasz &#8211; napisz do nas. Przydzielimy Ci doradc\u0119, kt\u00f3ry doradzi w kwestii naprawy.<\/p>\n<h2>Prostota dzia\u0142ania<\/h2>\n<p>Zam\u00f3w us\u0142ug\u0119, my wy\u015blemy kuriera do Twojego domu lub biura. Nie st\u00f3j w korkach. Oszcz\u0119dno\u015b\u0107 czasu i pieni\u0119dzy Naprawy wykonane przez nas s\u0105 30-70% ta\u0144sze ni\u017c w autoryzowanym punkcie APPLE. W po\u0142\u0105czeniu z us\u0142ug\u0105 GIVE &amp; GET, s\u0105 kilkukrotnie szybsze.<\/p>\n<h2>Popularno\u015b\u0107<\/h2>\n<p>Naprawili\u015bmy ponad <strong>20 000 komputer\u00f3w!<\/strong> Klienci dziel\u0105 si\u0119 swoim zadowoleniem na <a href=\"https:\/\/www.facebook.com\/laptopserwis\">Facebook&#8217;u <\/a>oraz <a href=\"https:\/\/www.google.pl\/maps\/place\/SSTUDiO\/@50.0696827,19.9238391,17z\/data=!3m1!4b1!4m7!3m6!1s0x47165ba80db8fec3:0xb60fcc26d8abe86e!8m2!3d50.0696793!4d19.9260331!9m1!1b1?hl=pl\">Google Maps<\/a><\/p>\n<h2>Naprawy<\/h2>\n<p>Nie mamy misji ani wy\u017cszych cel\u00f3w, po prostu jako in\u017cynierowie i technicy podziwiamy logik\u0119 oraz dopracowanie konstrukcji urz\u0105dze\u0144 Apple, dopasowujemy swoje standardy dzia\u0142ania do najlepszych.<\/p>\n<h2>Magazyn cz\u0119\u015bci<\/h2>\n<p>Posiadamy najlepiej wyposa\u017cone magazyny cz\u0119\u015bci do iMac oraz Macbook w po\u0142udniowej Polsce.\u00a0 Jako nieliczni utrzymujemy sk\u0142ad podzespo\u0142\u00f3w do <strong>najnowszych, <\/strong>a tak\u017ce do <strong>starszych<\/strong> ponad 10 letnich urz\u0105dze\u0144. Profesjonalne zaplecze techniczne oraz wieloletnie do\u015bwiadczenie w serwisowaniu Macbook, iMac, Mac PRO, PowerMAC. Od platform G3 do i7 .<\/p>\n<h2>Technologia<\/h2>\n<p>Posiadamy specjalistyczne narz\u0119dzia (m.in. automaty do lutowania w technologii BGA i SMD, przy pomocy gor\u0105cego powietrza i podczerwieni, piece do reballingu, dedykowane sita do wi\u0119kszo\u015bci uk\u0142ad\u00f3w) oraz odpowiedni\u0105 wiedz\u0119. Naprawy przeprowadzane s\u0105 wy\u0142\u0105cznie przy u\u017cyciu markowych p\u00f3\u0142produkt\u00f3w (Warton, Kester), zgodnie ze standardem ochrony ESD ANSI\/ESD S20.20-1999, a stanowiska pracy s\u0105 obs\u0142ugiwane przez wyszkolonych specjalist\u00f3w. Ka\u017cdy klient jest traktowany indywidualnie, przebieg naprawy na bie\u017c\u0105co jest konsultowany ze zleceniodawc\u0105. <strong>Wszystkie urz\u0105dzenia s\u0105 naprawiane na miejscu, nie korzystamy z us\u0142ug firm trzecich, jednocze\u015bnie b\u0119d\u0105c podwykonawc\u0105 dla wielu serwis\u00f3w w Ma\u0142opolsce.<\/strong><\/p>\n<h2>PARTNERZY<\/h2>\n<p>Z naszych us\u0142ug od lat korzystaj\u0105 uczelnie, urz\u0119dy oraz korporacje, dla kt\u00f3rych najwa\u017cniejsza jest jako\u015b\u0107 us\u0142ug i wsp\u00f3\u0142praca dostosowana do indywidualnych potrzeb. Serdecznie zapraszamy do wsp\u00f3\u0142pracy.<\/p>\n<h2>Status zg\u0142oszenia serwisowego<\/h2>\n<p>Dla wygody naszych klient\u00f3w udost\u0119pniamy mo\u017cliwo\u015b\u0107 sprawdzenia<strong> statusu realizacji zg\u0142oszenia serwisowego online.<\/strong> Nasz serwisant po ka\u017cdym z etap\u00f3w pracy (diagnozowanie usterki, ustalenie mo\u017cliwych wariant\u00f3w naprawy, naprawa) wprowadza odpowiedni\u0105 informacj\u0119 do systemu, co umo\u017cliwia klientowi w ka\u017cdej chwili sprawdzi\u0107 aktualny stan prac. Mo\u017cna tak\u017ce zasi\u0119gn\u0105\u0107 informacji, dzwoni\u0105c na nasz numer kontaktowy i podaj\u0105c numer zg\u0142oszenia.<\/p>\n","protected":false},"excerpt":{"rendered":"<p>&nbsp; Jako firma serwisuj\u0105ca elektronik\u0119 od 15 lat, postanowili\u015bmy stworzy\u0107 osobny dzia\u0142 po\u015bwi\u0119cony tylko rz\u0105dzeniom APPLE. Postawili\u015bmy na zupe\u0142nie now\u0105 jako\u015b\u0107 Standard napraw Wybierasz sam: bezkompromisowo lub bud\u017cetowo, ale zawsze jako\u015bciowo i z gwarancj\u0105 Nowy standard obs\u0142ugi Klienta Tw\u00f3j Mac [&hellip;]<\/p>\n","protected":false},"author":1,"featured_media":0,"parent":0,"menu_order":0,"comment_status":"closed","ping_status":"closed","template":"","meta":{"_monsterinsights_skip_tracking":false,"_monsterinsights_sitenote_active":false,"_monsterinsights_sitenote_note":"","_monsterinsights_sitenote_category":0,"footnotes":""},"class_list":["post-119","page","type-page","status-publish","hentry","clearfix"],"jetpack_sharing_enabled":true,"_links":{"self":[{"href":"https:\/\/macbook.pl\/index.php\/wp-json\/wp\/v2\/pages\/119","targetHints":{"allow":["GET"]}}],"collection":[{"href":"https:\/\/macbook.pl\/index.php\/wp-json\/wp\/v2\/pages"}],"about":[{"href":"https:\/\/macbook.pl\/index.php\/wp-json\/wp\/v2\/types\/page"}],"author":[{"embeddable":true,"href":"https:\/\/macbook.pl\/index.php\/wp-json\/wp\/v2\/users\/1"}],"replies":[{"embeddable":true,"href":"https:\/\/macbook.pl\/index.php\/wp-json\/wp\/v2\/comments?post=119"}],"version-history":[{"count":7,"href":"https:\/\/macbook.pl\/index.php\/wp-json\/wp\/v2\/pages\/119\/revisions"}],"predecessor-version":[{"id":511,"href":"https:\/\/macbook.pl\/index.php\/wp-json\/wp\/v2\/pages\/119\/revisions\/511"}],"wp:attachment":[{"href":"https:\/\/macbook.pl\/index.php\/wp-json\/wp\/v2\/media?parent=119"}],"curies":[{"name":"wp","href":"https:\/\/api.w.org\/{rel}","templated":true}]}}

<p>&nbsp;</p>
<p><center><br />
<img loading="lazy" decoding="async" class="alignnone size-thumbnail wp-image-244" src="http://macbook.pl/wp-content/uploads/2017/10/Macbook-1-150x150.jpg" alt="" width="150" height="150" srcset="https://macbook.pl/wp-content/uploads/2017/10/Macbook-1-150x150.jpg 150w, https://macbook.pl/wp-content/uploads/2017/10/Macbook-1-300x300.jpg 300w, https://macbook.pl/wp-content/uploads/2017/10/Macbook-1-768x768.jpg 768w, https://macbook.pl/wp-content/uploads/2017/10/Macbook-1-1024x1024.jpg 1024w, https://macbook.pl/wp-content/uploads/2017/10/Macbook-1.jpg 1080w" sizes="auto, (max-width: 150px) 100vw, 150px" /><img loading="lazy" decoding="async" class="alignnone size-thumbnail wp-image-243" src="http://macbook.pl/wp-content/uploads/2017/10/iMac-1-150x150.jpg" alt="" width="150" height="150" srcset="https://macbook.pl/wp-content/uploads/2017/10/iMac-1-150x150.jpg 150w, https://macbook.pl/wp-content/uploads/2017/10/iMac-1-300x300.jpg 300w, https://macbook.pl/wp-content/uploads/2017/10/iMac-1-768x768.jpg 768w, https://macbook.pl/wp-content/uploads/2017/10/iMac-1-1024x1024.jpg 1024w, https://macbook.pl/wp-content/uploads/2017/10/iMac-1.jpg 1080w" sizes="auto, (max-width: 150px) 100vw, 150px" /><img loading="lazy" decoding="async" class="alignnone size-thumbnail wp-image-46" src="http://macbook.pl/wp-content/uploads/2017/10/Mac-Mini-150x150.jpg" alt="" width="150" height="150" srcset="https://macbook.pl/wp-content/uploads/2017/10/Mac-Mini-150x150.jpg 150w, https://macbook.pl/wp-content/uploads/2017/10/Mac-Mini-300x300.jpg 300w, https://macbook.pl/wp-content/uploads/2017/10/Mac-Mini-768x768.jpg 768w, https://macbook.pl/wp-content/uploads/2017/10/Mac-Mini-700x700.jpg 700w, https://macbook.pl/wp-content/uploads/2017/10/Mac-Mini-520x520.jpg 520w, https://macbook.pl/wp-content/uploads/2017/10/Mac-Mini-360x360.jpg 360w, https://macbook.pl/wp-content/uploads/2017/10/Mac-Mini-250x250.jpg 250w, https://macbook.pl/wp-content/uploads/2017/10/Mac-Mini-100x100.jpg 100w, https://macbook.pl/wp-content/uploads/2017/10/Mac-Mini.jpg 788w" sizes="auto, (max-width: 150px) 100vw, 150px" /><img loading="lazy" decoding="async" class="alignnone size-thumbnail wp-image-44" src="http://macbook.pl/wp-content/uploads/2017/10/MacProTower-150x150.jpg" alt="" width="150" height="150" srcset="https://macbook.pl/wp-content/uploads/2017/10/MacProTower-150x150.jpg 150w, https://macbook.pl/wp-content/uploads/2017/10/MacProTower-300x300.jpg 300w, https://macbook.pl/wp-content/uploads/2017/10/MacProTower-768x768.jpg 768w, https://macbook.pl/wp-content/uploads/2017/10/MacProTower-700x700.jpg 700w, https://macbook.pl/wp-content/uploads/2017/10/MacProTower-520x520.jpg 520w, https://macbook.pl/wp-content/uploads/2017/10/MacProTower-360x360.jpg 360w, https://macbook.pl/wp-content/uploads/2017/10/MacProTower-250x250.jpg 250w, https://macbook.pl/wp-content/uploads/2017/10/MacProTower-100x100.jpg 100w, https://macbook.pl/wp-content/uploads/2017/10/MacProTower.jpg 788w" sizes="auto, (max-width: 150px) 100vw, 150px" /><img loading="lazy" decoding="async" class="alignnone size-thumbnail wp-image-41" src="http://macbook.pl/wp-content/uploads/2017/10/MacPro-1-150x150.jpg" alt="" width="150" height="150" srcset="https://macbook.pl/wp-content/uploads/2017/10/MacPro-1-150x150.jpg 150w, https://macbook.pl/wp-content/uploads/2017/10/MacPro-1-300x300.jpg 300w, https://macbook.pl/wp-content/uploads/2017/10/MacPro-1-768x768.jpg 768w, https://macbook.pl/wp-content/uploads/2017/10/MacPro-1-700x700.jpg 700w, https://macbook.pl/wp-content/uploads/2017/10/MacPro-1-520x520.jpg 520w, https://macbook.pl/wp-content/uploads/2017/10/MacPro-1-360x360.jpg 360w, https://macbook.pl/wp-content/uploads/2017/10/MacPro-1-250x250.jpg 250w, https://macbook.pl/wp-content/uploads/2017/10/MacPro-1-100x100.jpg 100w, https://macbook.pl/wp-content/uploads/2017/10/MacPro-1.jpg 788w" sizes="auto, (max-width: 150px) 100vw, 150px" /></center><br />
Jako firma serwisująca elektronikę od 15 lat, postanowiliśmy stworzyć osobny dział poświęcony tylko rządzeniom APPLE. Postawiliśmy na zupełnie nową jakość</p>
<h2>Standard napraw</h2>
<p>Wybierasz sam: bezkompromisowo lub budżetowo, ale zawsze jakościowo i z gwarancją</p>
<h2>Nowy standard obsługi Klienta</h2>
<p>Twój Mac jest ważny dla Ciebie, a Ty jesteś ważny dla nas. Jeśli się wahasz &#8211; napisz do nas. Przydzielimy Ci doradcę, który doradzi w kwestii naprawy.</p>
<h2>Prostota działania</h2>
<p>Zamów usługę, my wyślemy kuriera do Twojego domu lub biura. Nie stój w korkach. Oszczędność czasu i pieniędzy Naprawy wykonane przez nas są 30-70% tańsze niż w autoryzowanym punkcie APPLE. W połączeniu z usługą GIVE &amp; GET, są kilkukrotnie szybsze.</p>
<h2>Popularność</h2>
<p>Naprawiliśmy ponad <strong>20 000 komputerów!</strong> Klienci dzielą się swoim zadowoleniem na <a href="https://www.facebook.com/laptopserwis">Facebook&#8217;u </a>oraz <a href="https://www.google.pl/maps/place/SSTUDiO/@50.0696827,19.9238391,17z/data=!3m1!4b1!4m7!3m6!1s0x47165ba80db8fec3:0xb60fcc26d8abe86e!8m2!3d50.0696793!4d19.9260331!9m1!1b1?hl=pl">Google Maps</a></p>
<h2>Naprawy</h2>
<p>Nie mamy misji ani wyższych celów, po prostu jako inżynierowie i technicy podziwiamy logikę oraz dopracowanie konstrukcji urządzeń Apple, dopasowujemy swoje standardy działania do najlepszych.</p>
<h2>Magazyn części</h2>
<p>Posiadamy najlepiej wyposażone magazyny części do iMac oraz Macbook w południowej Polsce.  Jako nieliczni utrzymujemy skład podzespołów do <strong>najnowszych, </strong>a także do <strong>starszych</strong> ponad 10 letnich urządzeń. Profesjonalne zaplecze techniczne oraz wieloletnie doświadczenie w serwisowaniu Macbook, iMac, Mac PRO, PowerMAC. Od platform G3 do i7 .</p>
<h2>Technologia</h2>
<p>Posiadamy specjalistyczne narzędzia (m.in. automaty do lutowania w technologii BGA i SMD, przy pomocy gorącego powietrza i podczerwieni, piece do reballingu, dedykowane sita do większości układów) oraz odpowiednią wiedzę. Naprawy przeprowadzane są wyłącznie przy użyciu markowych półproduktów (Warton, Kester), zgodnie ze standardem ochrony ESD ANSI/ESD S20.20-1999, a stanowiska pracy są obsługiwane przez wyszkolonych specjalistów. Każdy klient jest traktowany indywidualnie, przebieg naprawy na bieżąco jest konsultowany ze zleceniodawcą. <strong>Wszystkie urządzenia są naprawiane na miejscu, nie korzystamy z usług firm trzecich, jednocześnie będąc podwykonawcą dla wielu serwisów w Małopolsce.</strong></p>
<h2>PARTNERZY</h2>
<p>Z naszych usług od lat korzystają uczelnie, urzędy oraz korporacje, dla których najważniejsza jest jakość usług i współpraca dostosowana do indywidualnych potrzeb. Serdecznie zapraszamy do współpracy.</p>
<h2>Status zgłoszenia serwisowego</h2>
<p>Dla wygody naszych klientów udostępniamy możliwość sprawdzenia<strong> statusu realizacji zgłoszenia serwisowego online.</strong> Nasz serwisant po każdym z etapów pracy (diagnozowanie usterki, ustalenie możliwych wariantów naprawy, naprawa) wprowadza odpowiednią informację do systemu, co umożliwia klientowi w każdej chwili sprawdzić aktualny stan prac. Można także zasięgnąć informacji, dzwoniąc na nasz numer kontaktowy i podając numer zgłoszenia.</p>

<p>&nbsp; Jako firma serwisująca elektronikę od 15 lat, postanowiliśmy stworzyć osobny dział poświęcony tylko rządzeniom APPLE. Postawiliśmy na zupełnie nową jakość Standard napraw Wybierasz sam: bezkompromisowo lub budżetowo, ale zawsze jakościowo i z gwarancją Nowy standard obsługi Klienta Twój Mac [&hellip;]</p>
