{"id":70,"date":"2017-10-17T17:32:51","date_gmt":"2017-10-17T15:32:51","guid":{"rendered":"http:\/\/macbook.pl\/?page_id=70"},"modified":"2017-10-23T14:02:12","modified_gmt":"2017-10-23T12:02:12","slug":"kontakt","status":"publish","type":"page","link":"https:\/\/macbook.pl\/index.php\/kontakt\/","title":{"rendered":"Kontakt"},"content":{"rendered":"<p style=\"text-align: center;\">\n<p style=\"text-align: center;\"><span style=\"font-size: 14pt;\">Napisz, zadzwo\u0144 lub odwied\u017a\u00a0nas je\u015bli masz pytania zwi\u0105zane z napraw\u0105 swojego komputera Apple w naszym serwisie.<\/span><br \/>\n<span style=\"font-size: 14pt;\"> Pami\u0119taj, \u017ce jeste\u015bmy pogwarancyjnym serwisem niezale\u017cnym.<\/span><\/p>\n<hr \/>\n<div style=\"text-align: center;\">\n<p><span style=\"font-size: 18pt;\"><strong>SSTUDiO &#8211; Serwis Apple<\/strong><\/span><\/p>\n<p><span style=\"font-size: 18pt;\"><strong>Pl. Inwalid\u00f3w 7<br \/>\n<\/strong><strong>30-033 Krak\u00f3w<\/strong><\/span><\/p>\n<p><span style=\"font-size: 18pt;\"><strong><a href=\"tel:+48607103404\">607 103 404<\/a><\/strong><\/span><\/p>\n<p>&nbsp;<\/p>\n<p><span style=\"font-size: 18pt;\">serwis@macbook.pl<\/span><\/p>\n<hr \/>\n<p>&nbsp;<\/p>\n<p><span style=\"font-size: 18pt;\"><strong>poniedzia\u0142ek-pi\u0105tek:<br \/>\n10:00 &#8211; 18:00<br \/>\n<\/strong><strong>sobota:<br \/>\n<\/strong><strong>10:00-15:00<\/strong><\/span><\/p>\n<\/div>\n<p style=\"text-align: center;\"><span style=\"font-size: 18pt;\"><div id=\"wpgmza_map_1\" class=\"wpgmza_map wpgmza-auto-left\" style=\"display:block;width:100\\%;height:400px;overflow:hidden;position:relative;\" data-map-id=\"1\" data-maps-engine=\"\" data-build-engine=\"atlas-novus\" data-shortcode-attributes=\"{&quot;id&quot;:&quot;1&quot;,&quot;zoom&quot;:false,&quot;width&quot;:false,&quot;height&quot;:false,&quot;marker&quot;:false,&quot;classname&quot;:false}\" data-settings=\"{&quot;map_title&quot;:&quot;Moja pierwsza mapa&quot;,&quot;map_width&quot;:&quot;100&quot;,&quot;map_height&quot;:&quot;400&quot;,&quot;map_start_lat&quot;:&quot;50.069674&quot;,&quot;map_start_lng&quot;:&quot;19.926026&quot;,&quot;map_start_location&quot;:&quot;50.069673837368136,19.92602618644014&quot;,&quot;map_start_zoom&quot;:&quot;17&quot;,&quot;default_marker&quot;:&quot;0&quot;,&quot;type&quot;:&quot;4&quot;,&quot;alignment&quot;:&quot;1&quot;,&quot;directions_enabled&quot;:&quot;1&quot;,&quot;styling_enabled&quot;:&quot;0&quot;,&quot;styling_json&quot;:&quot;&quot;,&quot;active&quot;:&quot;0&quot;,&quot;kml&quot;:&quot;&quot;,&quot;bicycle&quot;:&quot;2&quot;,&quot;traffic&quot;:&quot;2&quot;,&quot;dbox&quot;:&quot;1&quot;,&quot;dbox_width&quot;:&quot;100&quot;,&quot;listmarkers&quot;:&quot;0&quot;,&quot;listmarkers_advanced&quot;:&quot;0&quot;,&quot;filterbycat&quot;:&quot;0&quot;,&quot;ugm_enabled&quot;:&quot;0&quot;,&quot;ugm_category_enabled&quot;:&quot;0&quot;,&quot;fusion&quot;:&quot;&quot;,&quot;map_width_type&quot;:&quot;\\\\%&quot;,&quot;map_height_type&quot;:&quot;px&quot;,&quot;mass_marker_support&quot;:&quot;1&quot;,&quot;ugm_access&quot;:&quot;0&quot;,&quot;order_markers_by&quot;:&quot;1&quot;,&quot;order_markers_choice&quot;:&quot;2&quot;,&quot;show_user_location&quot;:&quot;0&quot;,&quot;default_to&quot;:&quot;&quot;,&quot;store_locator_enabled&quot;:2,&quot;store_locator_distance&quot;:2,&quot;store_locator_default_radius&quot;:&quot;10&quot;,&quot;store_locator_not_found_message&quot;:&quot;Nic nie znaleziono w tej lokalizacji. Spr\\u00f3buj ponownie.&quot;,&quot;store_locator_bounce&quot;:1,&quot;store_locator_query_string&quot;:&quot;Kod pocztowy\\\/Adres&quot;,&quot;store_locator_default_address&quot;:&quot;&quot;,&quot;wpgmza_store_locator_restrict&quot;:&quot;&quot;,&quot;map_max_zoom&quot;:&quot;1&quot;,&quot;transport_layer&quot;:2,&quot;wpgmza_theme_data&quot;:&quot;&quot;,&quot;wpgmza_show_points_of_interest&quot;:1,&quot;id&quot;:1}\" ><\/div><\/span><\/p>\n","protected":false},"excerpt":{"rendered":"<p>Napisz, zadzwo\u0144 lub odwied\u017a\u00a0nas je\u015bli masz pytania zwi\u0105zane z napraw\u0105 swojego komputera Apple w naszym serwisie. Pami\u0119taj, \u017ce jeste\u015bmy pogwarancyjnym serwisem niezale\u017cnym. SSTUDiO &#8211; Serwis Apple Pl. Inwalid\u00f3w 7 30-033 Krak\u00f3w 607 103 404 &nbsp; serwis@macbook.pl &nbsp; poniedzia\u0142ek-pi\u0105tek: 10:00 &#8211; [&hellip;]<\/p>\n","protected":false},"author":1,"featured_media":0,"parent":0,"menu_order":0,"comment_status":"closed","ping_status":"closed","template":"","meta":{"_monsterinsights_skip_tracking":false,"_monsterinsights_sitenote_active":false,"_monsterinsights_sitenote_note":"","_monsterinsights_sitenote_category":0,"footnotes":""},"class_list":["post-70","page","type-page","status-publish","hentry","clearfix"],"jetpack_sharing_enabled":true,"_links":{"self":[{"href":"https:\/\/macbook.pl\/index.php\/wp-json\/wp\/v2\/pages\/70","targetHints":{"allow":["GET"]}}],"collection":[{"href":"https:\/\/macbook.pl\/index.php\/wp-json\/wp\/v2\/pages"}],"about":[{"href":"https:\/\/macbook.pl\/index.php\/wp-json\/wp\/v2\/types\/page"}],"author":[{"embeddable":true,"href":"https:\/\/macbook.pl\/index.php\/wp-json\/wp\/v2\/users\/1"}],"replies":[{"embeddable":true,"href":"https:\/\/macbook.pl\/index.php\/wp-json\/wp\/v2\/comments?post=70"}],"version-history":[{"count":15,"href":"https:\/\/macbook.pl\/index.php\/wp-json\/wp\/v2\/pages\/70\/revisions"}],"predecessor-version":[{"id":488,"href":"https:\/\/macbook.pl\/index.php\/wp-json\/wp\/v2\/pages\/70\/revisions\/488"}],"wp:attachment":[{"href":"https:\/\/macbook.pl\/index.php\/wp-json\/wp\/v2\/media?parent=70"}],"curies":[{"name":"wp","href":"https:\/\/api.w.org\/{rel}","templated":true}]}}